e prime factors of 20114417?
17, 1183201
List the prime factors of 110230.
2, 5, 73, 151
List the prime factors of 693302.
2, 346651
What are the prime factors of 144981?
3, 89, 181
List the prime factors of 1064015.
5, 241, 883
List the prime factors of 136207.
136207
List the prime factors of 134328.
2, 3, 29, 193
List the prime factors of 97830.
2, 3, 5, 1087
List the prime factors of 206571.
3, 37, 1861
List the prime factors of 2599439.
139, 18701
List the prime factors of 1476955.
5, 89, 3319
What are the prime factors of 21010065?
3, 5, 29, 48299
What are the prime factors of 6083549?
59, 97, 1063
What are the prime factors of 460844?
2, 115211
What are the prime factors of 263960?
2, 5, 6599
What are the prime factors of 716793?
3, 7, 11, 29, 107
List the prime factors of 163053.
3, 11, 61
List the prime factors of 148065.
3, 5, 9871
What are the prime factors of 69736?
2, 23, 379
List the prime factors of 263575.
5, 13, 811
List the prime factors of 1232064.
2, 3, 23, 31
What are the prime factors of 24205515?
3, 5, 103, 15667
What are the prime factors of 129200?
2, 5, 17, 19
List the prime factors of 734406.
2, 3, 122401
What are the prime factors of 317209?
317209
What are the prime factors of 13947?
3, 4649
List the prime factors of 108692.
2, 29, 937
List the prime factors of 497266.
2, 7, 11, 3229
List the prime factors of 314090.
2, 5, 7, 641
List the prime factors of 209691.
3, 23, 1013
List the prime factors of 5580890.
2, 5, 7, 61, 1307
What are the prime factors of 356866?
2, 109, 1637
List the prime factors of 29110.
2, 5, 41, 71
What are the prime factors of 1302797?
757, 1721
What are the prime factors of 1098767?
733, 1499
List the prime factors of 214596.
2, 3, 1987
List the prime factors of 6301044.
2, 3, 41, 1423
List the prime factors of 3125716.
2, 11, 71039
List the prime factors of 802668.
2, 3, 66889
List the prime factors of 12486575.
5, 37, 13499
List the prime factors of 15466018.
2, 277, 27917
What are the prime factors of 1301510?
2, 5, 7, 18593
What are the prime factors of 5508695?
5, 29, 37991
List the prime factors of 14254587.
3, 1583843
What are the prime factors of 606966?
2, 3, 101161
List the prime factors of 2620546.
2, 101, 12973
What are the prime factors of 13962728?
2, 13, 134257
List the prime factors of 1385417.
11, 29, 43, 101
What are the prime factors of 7774453?
97, 80149
What are the prime factors of 423309?
3, 149, 947
What are the prime factors of 6118474?
2, 107, 28591
What are the prime factors of 1486261?
7, 67, 3169
What are the prime factors of 3366980?
2, 5, 79, 2131
What are the prime factors of 2838999?
3, 19, 49807
List the prime factors of 5033910.
2, 3, 5, 7, 23971
List the prime factors of 1888743.
3, 61, 10321
List the prime factors of 101058.
2, 3, 16843
What are the prime factors of 100926?
2, 3, 7, 89
List the prime factors of 404138.
2, 7, 28867
List the prime factors of 51648.
2, 3, 269
What are the prime factors of 11354055?
3, 5, 73, 10369
What are the prime factors of 440851?
31, 14221
What are the prime factors of 4104977?
4104977
What are the prime factors of 154525?
5, 7, 883
List the prime factors of 128338.
2, 7, 89, 103
What are the prime factors of 822663?
3, 30469
List the prime factors of 2640306.
2, 3, 431, 1021
What are the prime factors of 5378914?
2, 2689457
List the prime factors of 157130.
2, 5, 19, 827
List the prime factors of 1969294.
2, 97, 10151
What are the prime factors of 14336465?
5, 11, 13, 20051
What are the prime factors of 206101?
7, 29443
What are the prime factors of 109898?
2, 54949
What are the prime factors of 211316?
2, 7, 7547
What are the prime factors of 150440?
2, 5, 3761
What are the prime factors of 1056583?
11, 96053
List the prime factors of 3437868.
2, 3, 7, 40927
List the prime factors of 1148815.
5, 229763
List the prime factors of 7377027.
3, 7, 351287
List the prime factors of 234558.
2, 3, 83, 157
What are the prime factors of 9028812?
2, 3, 13, 31, 1867
What are the prime factors of 772783?
11, 163, 431
What are the prime factors of 1625965?
5, 11, 17, 37, 47
List the prime factors of 8156303.
8156303
List the prime factors of 830871.
3, 30773
What are the prime factors of 42772254?
2, 3, 7, 109, 9343
What are the prime factors of 176530?
2, 5, 127, 139
What are the prime factors of 3442600?
2, 5, 7, 2459
What are the prime factors of 16572635?
5, 3314527
What are the prime factors of 499024?
2, 31189
List the prime factors of 118476.
2, 3, 1097
What are the prime factors of 5958203?
881, 6763
What are the prime factors of 13314826?
2, 7, 951059
What are the prime factors of 706446?
2, 3, 13, 3019
List the prime factors of 421575.
3, 5, 7, 11, 73
What are the prime factors of 18281994?
2, 3, 197, 15467
List the prime factors of 14785640.
2, 5, 79, 4679
List the prime factors of 680344.
2, 7, 12149
What are the prime factors of 1515546?
2, 3, 269, 313
What are the prime factors of 1041920?
2, 5, 11, 37
What are the prime factors of 160123?
17, 9419
List the prime factors of 219157.
67, 3271
What are the prime factors of 10223?
10223
List the prime factors of 2306663.
2306663
What are the prime factors of 887316?
2, 3, 73943
What are the prime factors of 2503438?
2, 7, 178817
List the prime factors of 127584.
2, 3, 443
What are the prime factors of 2330270?
2, 5, 31, 7517
What are the prime factors of 75234?
2, 3, 12539
List the prime factors of 2271333.
3, 757111
List the prime factors of 175483.
7, 11, 43, 53
What are the prime factors of 132303?
3, 44101
List the prime factors of 658391.
658391
List the prime factors of 1547690.
2, 5, 154769
What are the prime factors of 1490981?
47, 31723
List the prime factors of 673634.
2, 13, 1993
List the prime factors of 172153.
172153
What are the prime factors of 12123113?
953, 12721
What are the prime factors of 219983?
219983
List the prime factors of 247283.
29, 8527
List the prime factors of 2342942.
2, 7, 113, 1481
What are the prime factors of 1318478?
2, 7, 41, 2297
What are the prime factors of 208541?
23, 9067
List the prime factors of 4407366.
2, 3, 37, 19853
List the prime factors of 142707.
3, 47569
List the prime factors of 473934.
2, 3, 78989
List the prime factors of 68073.
3, 22691
List the prime factors of 721685.
5, 37, 47, 83
List the prime factors of 1922985.
3, 5, 151, 283
What are the prime factors of 1038507?
3, 346169
List the prime factors of 422901.
3, 23, 227
List the prime factors of 6297393.
3, 43, 48817
What are the prime factors of 50717?
41, 1237
What are the prime factors of 71167?
71167
List the prime factors of 1285034.
2, 642517
List the prime factors of 172737.
3, 17, 1129
What are the prime factors of 158311?
29, 53, 103
List the prime factors of 8245096.
2, 1030637
What are the prime factors of 3117986?
2, 223, 6991
List the prime factors of 7610693.
7610693
What are the prime factors of 770859?
3, 97, 883
What are the prime factors of 196844?
2, 49211
What are the prime factors of 9744286?
2, 383, 12721
List the prime factors of 12735.
3, 5, 283
List the prime factors of 842468.
2, 11, 41, 467
List the prime factors of 1031672.
2, 128959
List the prime factors of 385115.
5, 77023
What are the prime factors of 7461815?
5, 359, 4157
What are the prime factors of 2309109?
3, 11, 167, 419
What are the prime factors of 1263697?
1263697
What are the prime factors of 38006007?
3, 13, 974513
What are the prime factors of 3423367?
3423367
What are the prime factors of 15747835?
5, 193, 16319
What are the prime factors of 13396256?
2, 418633
List the prime factors of 2900560.
2, 5, 13, 2789
List the prime factors of 7985784.
2, 3, 17, 23, 37
List the prime factors of 15634039.
167, 179, 523
List the prime factors of 12338142.
2, 3, 2056357
What are the prime factors of 1208605?
5, 37, 47, 139
List the prime factors of 1935900.
2, 3, 5, 239
What are the prime factors of 582353?
449, 1297
What are the prime factors of 257600?
2, 5, 7, 23
List the prime factors of 146410.
2, 5, 11
What are the prime factors of 2176898?
2, 1088449
What are the prime factors of 17835?
3, 5, 29, 41
What are the prime factors of 954031?
13, 73387
List the prime factors of 2254177.
2254177
What are the prime factors of 183445?
5, 19, 1931
What are the prime factor